{"id":26,"date":"2026-03-30T09:09:43","date_gmt":"2026-03-30T07:09:43","guid":{"rendered":"https:\/\/aitr.pl\/?page_id=26"},"modified":"2026-03-31T12:38:41","modified_gmt":"2026-03-31T10:38:41","slug":"elementor-26","status":"publish","type":"page","link":"https:\/\/aitr.pl\/","title":{"rendered":"Serwis falownik\u00f3w, zasilaczy, paneli HMI i elektroniki przemys\u0142owej | AITR"},"content":{"rendered":"\t\t<div data-elementor-type=\"wp-post\" data-elementor-id=\"26\" class=\"elementor elementor-26\">\n\t\t\t\t<div class=\"elementor-element elementor-element-31f08f5 e-con-full e-flex e-con e-parent\" data-id=\"31f08f5\" data-element_type=\"container\" data-e-type=\"container\" data-settings=\"{&quot;background_background&quot;:&quot;classic&quot;}\">\n\t\t\t\t<div class=\"elementor-element elementor-element-9398d70 elementor-widget__width-initial elementor-absolute elementor-widget-mobile__width-initial elementor-widget elementor-widget-image\" data-id=\"9398d70\" data-element_type=\"widget\" data-e-type=\"widget\" data-settings=\"{&quot;_position&quot;:&quot;absolute&quot;}\" data-widget_type=\"image.default\">\n\t\t\t\t\t\t\t\t\t\t\t\t\t\t\t<img fetchpriority=\"high\" decoding=\"async\" width=\"585\" height=\"427\" src=\"https:\/\/aitr.pl\/wp-content\/uploads\/2026\/03\/logo_transparent.png\" class=\"attachment-large size-large wp-image-58\" alt=\"\" srcset=\"https:\/\/aitr.pl\/wp-content\/uploads\/2026\/03\/logo_transparent.png 585w, https:\/\/aitr.pl\/wp-content\/uploads\/2026\/03\/logo_transparent-300x219.png 300w\" sizes=\"(max-width: 585px) 100vw, 585px\" \/>\t\t\t\t\t\t\t\t\t\t\t\t\t\t\t<\/div>\n\t\t\t\t<div class=\"elementor-element elementor-element-581bd05 elementor-widget__width-initial elementor-widget elementor-widget-heading\" data-id=\"581bd05\" data-element_type=\"widget\" data-e-type=\"widget\" data-widget_type=\"heading.default\">\n\t\t\t\t\t<h2 class=\"elementor-heading-title elementor-size-default\">Naprawa elektroniki i automatyki przemys\u0142owej<\/h2>\t\t\t\t<\/div>\n\t\t<div class=\"elementor-element elementor-element-c21a450 e-con-full e-flex e-con e-child\" data-id=\"c21a450\" data-element_type=\"container\" data-e-type=\"container\">\n\t\t\t\t<div class=\"elementor-element elementor-element-2d3e730 elementor-align-center elementor-widget__width-initial elementor-hidden-mobile elementor-widget elementor-widget-button\" data-id=\"2d3e730\" data-element_type=\"widget\" data-e-type=\"widget\" data-widget_type=\"button.default\">\n\t\t\t\t\t\t\t\t\t\t<a class=\"elementor-button elementor-button-link elementor-size-sm elementor-animation-grow\" href=\"#onas\">\n\t\t\t\t\t\t<span class=\"elementor-button-content-wrapper\">\n\t\t\t\t\t\t<span class=\"elementor-button-icon\">\n\t\t\t\t<svg aria-hidden=\"true\" class=\"e-font-icon-svg e-fas-info-circle\" viewBox=\"0 0 512 512\" xmlns=\"http:\/\/www.w3.org\/2000\/svg\"><path d=\"M256 8C119.043 8 8 119.083 8 256c0 136.997 111.043 248 248 248s248-111.003 248-248C504 119.083 392.957 8 256 8zm0 110c23.196 0 42 18.804 42 42s-18.804 42-42 42-42-18.804-42-42 18.804-42 42-42zm56 254c0 6.627-5.373 12-12 12h-88c-6.627 0-12-5.373-12-12v-24c0-6.627 5.373-12 12-12h12v-64h-12c-6.627 0-12-5.373-12-12v-24c0-6.627 5.373-12 12-12h64c6.627 0 12 5.373 12 12v100h12c6.627 0 12 5.373 12 12v24z\"><\/path><\/svg>\t\t\t<\/span>\n\t\t\t\t\t\t\t\t\t<span class=\"elementor-button-text\">O nas<\/span>\n\t\t\t\t\t<\/span>\n\t\t\t\t\t<\/a>\n\t\t\t\t\t\t\t\t<\/div>\n\t\t\t\t<div class=\"elementor-element elementor-element-21a003b elementor-align-center elementor-widget__width-initial elementor-hidden-mobile elementor-widget elementor-widget-button\" data-id=\"21a003b\" data-element_type=\"widget\" data-e-type=\"widget\" data-widget_type=\"button.default\">\n\t\t\t\t\t\t\t\t\t\t<a class=\"elementor-button elementor-button-link elementor-size-sm elementor-animation-grow\" href=\"#jaktodzia\u0142a\">\n\t\t\t\t\t\t<span class=\"elementor-button-content-wrapper\">\n\t\t\t\t\t\t<span class=\"elementor-button-icon\">\n\t\t\t\t<svg aria-hidden=\"true\" class=\"e-font-icon-svg e-fas-tools\" viewBox=\"0 0 512 512\" xmlns=\"http:\/\/www.w3.org\/2000\/svg\"><path d=\"M501.1 395.7L384 278.6c-23.1-23.1-57.6-27.6-85.4-13.9L192 158.1V96L64 0 0 64l96 128h62.1l106.6 106.6c-13.6 27.8-9.2 62.3 13.9 85.4l117.1 117.1c14.6 14.6 38.2 14.6 52.7 0l52.7-52.7c14.5-14.6 14.5-38.2 0-52.7zM331.7 225c28.3 0 54.9 11 74.9 31l19.4 19.4c15.8-6.9 30.8-16.5 43.8-29.5 37.1-37.1 49.7-89.3 37.9-136.7-2.2-9-13.5-12.1-20.1-5.5l-74.4 74.4-67.9-11.3L334 98.9l74.4-74.4c6.6-6.6 3.4-17.9-5.7-20.2-47.4-11.7-99.6.9-136.6 37.9-28.5 28.5-41.9 66.1-41.2 103.6l82.1 82.1c8.1-1.9 16.5-2.9 24.7-2.9zm-103.9 82l-56.7-56.7L18.7 402.8c-25 25-25 65.5 0 90.5s65.5 25 90.5 0l123.6-123.6c-7.6-19.9-9.9-41.6-5-62.7zM64 472c-13.2 0-24-10.8-24-24 0-13.3 10.7-24 24-24s24 10.7 24 24c0 13.2-10.7 24-24 24z\"><\/path><\/svg>\t\t\t<\/span>\n\t\t\t\t\t\t\t\t\t<span class=\"elementor-button-text\">Jak to dzia\u0142a<\/span>\n\t\t\t\t\t<\/span>\n\t\t\t\t\t<\/a>\n\t\t\t\t\t\t\t\t<\/div>\n\t\t\t\t<div class=\"elementor-element elementor-element-e829797 elementor-align-center elementor-widget__width-initial elementor-widget elementor-widget-button\" data-id=\"e829797\" data-element_type=\"widget\" data-e-type=\"widget\" data-widget_type=\"button.default\">\n\t\t\t\t\t\t\t\t\t\t<a class=\"elementor-button elementor-button-link elementor-size-sm elementor-animation-grow\" href=\"#kontakt\">\n\t\t\t\t\t\t<span class=\"elementor-button-content-wrapper\">\n\t\t\t\t\t\t<span class=\"elementor-button-icon\">\n\t\t\t\t<svg aria-hidden=\"true\" class=\"e-font-icon-svg e-fas-mail-bulk\" viewBox=\"0 0 576 512\" xmlns=\"http:\/\/www.w3.org\/2000\/svg\"><path d=\"M160 448c-25.6 0-51.2-22.4-64-32-64-44.8-83.2-60.8-96-70.4V480c0 17.67 14.33 32 32 32h256c17.67 0 32-14.33 32-32V345.6c-12.8 9.6-32 25.6-96 70.4-12.8 9.6-38.4 32-64 32zm128-192H32c-17.67 0-32 14.33-32 32v16c25.6 19.2 22.4 19.2 115.2 86.4 9.6 6.4 28.8 25.6 44.8 25.6s35.2-19.2 44.8-22.4c92.8-67.2 89.6-67.2 115.2-86.4V288c0-17.67-14.33-32-32-32zm256-96H224c-17.67 0-32 14.33-32 32v32h96c33.21 0 60.59 25.42 63.71 57.82l.29-.22V416h192c17.67 0 32-14.33 32-32V192c0-17.67-14.33-32-32-32zm-32 128h-64v-64h64v64zm-352-96c0-35.29 28.71-64 64-64h224V32c0-17.67-14.33-32-32-32H96C78.33 0 64 14.33 64 32v192h96v-32z\"><\/path><\/svg>\t\t\t<\/span>\n\t\t\t\t\t\t\t\t\t<span class=\"elementor-button-text\">Zg\u0142o\u015b napraw\u0119<\/span>\n\t\t\t\t\t<\/span>\n\t\t\t\t\t<\/a>\n\t\t\t\t\t\t\t\t<\/div>\n\t\t\t\t<\/div>\n\t\t\t\t<\/div>\n\t\t<div class=\"elementor-element elementor-element-fb9a4cc e-flex e-con-boxed e-con e-parent\" data-id=\"fb9a4cc\" data-element_type=\"container\" data-e-type=\"container\">\n\t\t\t\t\t<div class=\"e-con-inner\">\n\t\t<div class=\"elementor-element elementor-element-5fb8cbf e-con-full e-flex e-con e-child\" data-id=\"5fb8cbf\" data-element_type=\"container\" data-e-type=\"container\">\n\t\t\t\t<div class=\"elementor-element elementor-element-0cf8c82 elementor-widget elementor-widget-heading\" data-id=\"0cf8c82\" data-element_type=\"widget\" data-e-type=\"widget\" id=\"onas\" data-widget_type=\"heading.default\">\n\t\t\t\t\t<h2 class=\"elementor-heading-title elementor-size-default\">O nas<\/h2>\t\t\t\t<\/div>\n\t\t\t\t<div class=\"elementor-element elementor-element-180ec05 elementor-widget elementor-widget-text-editor\" data-id=\"180ec05\" data-element_type=\"widget\" data-e-type=\"widget\" data-widget_type=\"text-editor.default\">\n\t\t\t\t\t\t\t\t\t<p>Dzia\u0142amy w modelu serwisowym bez sta\u0142ego punktu obs\u0142ugi klienta:<\/p><ul><li>przyjmujemy urz\u0105dzenia wysy\u0142kowo,<\/li><li>organizujemy odbi\u00f3r bezpo\u015brednio od klienta.<\/li><\/ul><p>\u00a0<\/p><p>Zesp\u00f3\u0142 tworz\u0105 dwie osoby specjalizuj\u0105ce si\u0119 w elektronice i automatyce przemys\u0142owej. Technicy posiadaj\u0105 odpowiednio 10 oraz 7 lat do\u015bwiadczenia zawodowego, zdobytego wcze\u015bniej w du\u017cych serwisach bran\u017cowych.<\/p><p>Specjalizujemy si\u0119 w:<\/p><ul><li>naprawie falownik\u00f3w<\/li><li>naprawie zasilaczy,<\/li><li>naprawie paneli operatorskich HMI,<\/li><li>diagnostyce i regeneracji modu\u0142\u00f3w elektronicznych.<\/li><\/ul><p>\u00a0<\/p>\t\t\t\t\t\t\t\t<\/div>\n\t\t\t\t<\/div>\n\t\t<div class=\"elementor-element elementor-element-c591eeb e-con-full e-flex e-con e-child\" data-id=\"c591eeb\" data-element_type=\"container\" data-e-type=\"container\">\n\t\t\t\t<div class=\"elementor-element elementor-element-393102c elementor-widget elementor-widget-image\" data-id=\"393102c\" data-element_type=\"widget\" data-e-type=\"widget\" data-widget_type=\"image.default\">\n\t\t\t\t\t\t\t\t\t\t\t\t\t\t\t<img decoding=\"async\" width=\"800\" height=\"534\" src=\"https:\/\/aitr.pl\/wp-content\/uploads\/2026\/03\/ChatGPT-Image-30-mar-2026-12_52_30-1024x683.png\" class=\"attachment-large size-large wp-image-74\" alt=\"\" srcset=\"https:\/\/aitr.pl\/wp-content\/uploads\/2026\/03\/ChatGPT-Image-30-mar-2026-12_52_30-1024x683.png 1024w, https:\/\/aitr.pl\/wp-content\/uploads\/2026\/03\/ChatGPT-Image-30-mar-2026-12_52_30-300x200.png 300w, https:\/\/aitr.pl\/wp-content\/uploads\/2026\/03\/ChatGPT-Image-30-mar-2026-12_52_30-768x512.png 768w, https:\/\/aitr.pl\/wp-content\/uploads\/2026\/03\/ChatGPT-Image-30-mar-2026-12_52_30.png 1536w\" sizes=\"(max-width: 800px) 100vw, 800px\" \/>\t\t\t\t\t\t\t\t\t\t\t\t\t\t\t<\/div>\n\t\t\t\t<\/div>\n\t\t\t\t\t<\/div>\n\t\t\t\t<\/div>\n\t\t<div class=\"elementor-element elementor-element-14c982b e-flex e-con-boxed e-con e-parent\" data-id=\"14c982b\" data-element_type=\"container\" data-e-type=\"container\">\n\t\t\t\t\t<div class=\"e-con-inner\">\n\t\t<div class=\"elementor-element elementor-element-585b867 e-con-full e-flex e-con e-child\" data-id=\"585b867\" data-element_type=\"container\" data-e-type=\"container\">\n\t\t\t\t<div class=\"elementor-element elementor-element-5144249 elementor-widget elementor-widget-image\" data-id=\"5144249\" data-element_type=\"widget\" data-e-type=\"widget\" data-widget_type=\"image.default\">\n\t\t\t\t\t\t\t\t\t\t\t\t\t\t\t<img decoding=\"async\" width=\"800\" height=\"534\" src=\"https:\/\/aitr.pl\/wp-content\/uploads\/2026\/03\/ChatGPT-Image-30-mar-2026-14_11_55-1024x683.png\" class=\"attachment-large size-large wp-image-94\" alt=\"\" srcset=\"https:\/\/aitr.pl\/wp-content\/uploads\/2026\/03\/ChatGPT-Image-30-mar-2026-14_11_55-1024x683.png 1024w, https:\/\/aitr.pl\/wp-content\/uploads\/2026\/03\/ChatGPT-Image-30-mar-2026-14_11_55-300x200.png 300w, https:\/\/aitr.pl\/wp-content\/uploads\/2026\/03\/ChatGPT-Image-30-mar-2026-14_11_55-768x512.png 768w, https:\/\/aitr.pl\/wp-content\/uploads\/2026\/03\/ChatGPT-Image-30-mar-2026-14_11_55.png 1536w\" sizes=\"(max-width: 800px) 100vw, 800px\" \/>\t\t\t\t\t\t\t\t\t\t\t\t\t\t\t<\/div>\n\t\t\t\t<\/div>\n\t\t<div class=\"elementor-element elementor-element-261ef7c e-con-full e-flex e-con e-child\" data-id=\"261ef7c\" data-element_type=\"container\" data-e-type=\"container\">\n\t\t\t\t<div class=\"elementor-element elementor-element-fcf5654 elementor-widget elementor-widget-heading\" data-id=\"fcf5654\" data-element_type=\"widget\" data-e-type=\"widget\" id=\"jaktodzia\u0142a\" data-widget_type=\"heading.default\">\n\t\t\t\t\t<h2 class=\"elementor-heading-title elementor-size-default\">Jak to dzia\u0142a<\/h2>\t\t\t\t<\/div>\n\t\t\t\t<div class=\"elementor-element elementor-element-110b44f elementor-widget elementor-widget-text-editor\" data-id=\"110b44f\" data-element_type=\"widget\" data-e-type=\"widget\" data-widget_type=\"text-editor.default\">\n\t\t\t\t\t\t\t\t\t<ul><li>Zg\u0142aszasz usterk\u0119<\/li><li>Odbieramy urz\u0105dzenie<\/li><li>Robimy diagnoz\u0119 i wycen\u0119<\/li><li>Naprawiamy i odsy\u0142amy<\/li><\/ul><p>\u00a0<\/p><p>Co naprawiamy najcz\u0119\u015bciej ?<\/p><ul><li>Falowniki po przepi\u0119ciach<\/li><\/ul><ul class=\"wp-block-list\"><li>Panele HMI z uszkodzonym dotykiem<\/li><li>Zasilacze przemys\u0142owe po zwarciach<\/li><\/ul><p>\u00a0<\/p>\t\t\t\t\t\t\t\t<\/div>\n\t\t\t\t<\/div>\n\t\t\t\t\t<\/div>\n\t\t\t\t<\/div>\n\t\t<div class=\"elementor-element elementor-element-0e656ec e-flex e-con-boxed e-con e-parent\" data-id=\"0e656ec\" data-element_type=\"container\" data-e-type=\"container\">\n\t\t\t\t\t<div class=\"e-con-inner\">\n\t\t\t\t<div class=\"elementor-element elementor-element-a0e23e6 elementor-widget elementor-widget-heading\" data-id=\"a0e23e6\" data-element_type=\"widget\" data-e-type=\"widget\" data-widget_type=\"heading.default\">\n\t\t\t\t\t<h2 class=\"elementor-heading-title elementor-size-default\"><br><br>Zg\u0142o\u015b napraw\u0119 poprzez formularz lub telefonicznie<\/h2>\t\t\t\t<\/div>\n\t\t\t\t\t<\/div>\n\t\t\t\t<\/div>\n\t\t<div class=\"elementor-element elementor-element-566a49c e-flex e-con-boxed e-con e-parent\" data-id=\"566a49c\" data-element_type=\"container\" data-e-type=\"container\" id=\"kontakt\">\n\t\t\t\t\t<div class=\"e-con-inner\">\n\t\t\t\t<div class=\"elementor-element elementor-element-9633b5e elementor-widget elementor-widget-shortcode\" data-id=\"9633b5e\" data-element_type=\"widget\" data-e-type=\"widget\" data-widget_type=\"shortcode.default\">\n\t\t\t\t\t\t\t<div class=\"elementor-shortcode\">\n<div class=\"wpcf7 no-js\" id=\"wpcf7-f15-o1\" lang=\"pl-PL\" dir=\"ltr\" data-wpcf7-id=\"15\">\n<div class=\"screen-reader-response\"><p role=\"status\" aria-live=\"polite\" aria-atomic=\"true\"><\/p> <ul><\/ul><\/div>\n<form action=\"\/index.php?rest_route=%2Fwp%2Fv2%2Fpages%2F26#wpcf7-f15-o1\" method=\"post\" class=\"wpcf7-form init\" aria-label=\"Formularz kontaktowy\" novalidate=\"novalidate\" data-status=\"init\">\n<fieldset class=\"hidden-fields-container\"><input type=\"hidden\" name=\"_wpcf7\" value=\"15\" \/><input type=\"hidden\" name=\"_wpcf7_version\" value=\"6.1.5\" \/><input type=\"hidden\" name=\"_wpcf7_locale\" value=\"pl_PL\" \/><input type=\"hidden\" name=\"_wpcf7_unit_tag\" value=\"wpcf7-f15-o1\" \/><input type=\"hidden\" name=\"_wpcf7_container_post\" value=\"0\" \/><input type=\"hidden\" name=\"_wpcf7_posted_data_hash\" value=\"\" \/><input type=\"hidden\" name=\"_wpcf7_recaptcha_response\" value=\"\" \/>\n<\/fieldset>\n<p><span class=\"wpcf7-form-control-wrap\" data-name=\"your-name\"><input size=\"40\" maxlength=\"400\" class=\"wpcf7-form-control wpcf7-text wpcf7-validates-as-required\" aria-required=\"true\" aria-invalid=\"false\" placeholder=\"Imi\u0119 i firma\" value=\"\" type=\"text\" name=\"your-name\" \/><\/span>\n<\/p>\n<p><span class=\"wpcf7-form-control-wrap\" data-name=\"your-email\"><input size=\"40\" maxlength=\"400\" class=\"wpcf7-form-control wpcf7-email wpcf7-validates-as-required wpcf7-text wpcf7-validates-as-email\" aria-required=\"true\" aria-invalid=\"false\" placeholder=\"Adres e-mail\" value=\"\" type=\"email\" name=\"your-email\" \/><\/span>\n<\/p>\n<p><span class=\"wpcf7-form-control-wrap\" data-name=\"your-phone\"><input size=\"40\" maxlength=\"400\" class=\"wpcf7-form-control wpcf7-tel wpcf7-text wpcf7-validates-as-tel\" aria-invalid=\"false\" placeholder=\"Telefon\" value=\"\" type=\"tel\" name=\"your-phone\" \/><\/span>\n<\/p>\n<p><span class=\"wpcf7-form-control-wrap\" data-name=\"your-message\"><textarea cols=\"40\" rows=\"10\" maxlength=\"2000\" class=\"wpcf7-form-control wpcf7-textarea\" aria-invalid=\"false\" placeholder=\"Opis usterki \/ model urz\u0105dzenia\" name=\"your-message\"><\/textarea><\/span>\n<\/p>\n<p><input class=\"wpcf7-form-control wpcf7-submit has-spinner\" type=\"submit\" value=\"Zg\u0142o\u015b napraw\u0119\" \/>\n<\/p><div class=\"wpcf7-response-output\" aria-hidden=\"true\"><\/div>\n<\/form>\n<\/div>\n \n\n\n\n<\/div>\n\t\t\t\t\t\t<\/div>\n\t\t\t\t<div class=\"elementor-element elementor-element-af1aeee elementor-widget elementor-widget-text-editor\" data-id=\"af1aeee\" data-element_type=\"widget\" data-e-type=\"widget\" data-widget_type=\"text-editor.default\">\n\t\t\t\t\t\t\t\t\t<p>\u00a0<a href=\"https:\/\/wa.me\/48537513046?text=Dzie\u0144%20dobry%2C%20mam%20pytanie%20o%20napraw\u0119\" target=\"_blank\" rel=\"noopener\">\ud83d\udcde <strong>+48 537-513-046<\/strong><\/a><\/p><p><a href=\"mailto:biuro@aitr.pl\"><strong>\u2709\ufe0f\u00a0biuro@aitr.pl<\/strong><\/a><\/p>\t\t\t\t\t\t\t\t<\/div>\n\t\t\t\t\t<\/div>\n\t\t\t\t<\/div>\n\t\t<div class=\"elementor-element elementor-element-1f86911 e-flex e-con-boxed e-con e-parent\" data-id=\"1f86911\" data-element_type=\"container\" data-e-type=\"container\">\n\t\t\t\t\t<div class=\"e-con-inner\">\n\t\t\t\t<div class=\"elementor-element elementor-element-e5c6060 elementor-widget elementor-widget-text-editor\" data-id=\"e5c6060\" data-element_type=\"widget\" data-e-type=\"widget\" data-widget_type=\"text-editor.default\">\n\t\t\t\t\t\t\t\t\t<p><strong><a href=\"https:\/\/aitr.pl\/?page_id=119\">Polityka prywatno\u015bci<\/a> | <a href=\"https:\/\/aitr.pl\/?page_id=124\">Regulamin | <\/a><a href=\"https:\/\/aitr.pl\/?page_id=177\">Polityka plik\u00f3w cookies<\/a><\/strong><\/p>\t\t\t\t\t\t\t\t<\/div>\n\t\t\t\t\t<\/div>\n\t\t\t\t<\/div>\n\t\t<div class=\"elementor-element elementor-element-26b3538 e-flex e-con-boxed e-con e-parent\" data-id=\"26b3538\" data-element_type=\"container\" data-e-type=\"container\">\n\t\t\t\t\t<div class=\"e-con-inner\">\n\t\t\t\t\t<\/div>\n\t\t\t\t<\/div>\n\t\t\t\t<\/div>\n\t\t","protected":false},"excerpt":{"rendered":"<p>Naprawa elektroniki i automatyki przemys\u0142owej O nas Jak to dzia\u0142a Zg\u0142o\u015b napraw\u0119 O nas Dzia\u0142amy w modelu serwisowym bez sta\u0142ego punktu obs\u0142ugi klienta: przyjmujemy urz\u0105dzenia wysy\u0142kowo, organizujemy odbi\u00f3r bezpo\u015brednio od klienta. \u00a0 Zesp\u00f3\u0142 tworz\u0105 dwie osoby specjalizuj\u0105ce si\u0119 w elektronice i automatyce przemys\u0142owej. Technicy posiadaj\u0105 odpowiednio 10 oraz 7 lat do\u015bwiadczenia zawodowego, zdobytego wcze\u015bniej w [&hellip;]<\/p>\n","protected":false},"author":1,"featured_media":0,"parent":0,"menu_order":0,"comment_status":"closed","ping_status":"closed","template":"elementor_canvas","meta":{"footnotes":""},"class_list":["post-26","page","type-page","status-publish","hentry"],"_links":{"self":[{"href":"https:\/\/aitr.pl\/index.php?rest_route=\/wp\/v2\/pages\/26","targetHints":{"allow":["GET"]}}],"collection":[{"href":"https:\/\/aitr.pl\/index.php?rest_route=\/wp\/v2\/pages"}],"about":[{"href":"https:\/\/aitr.pl\/index.php?rest_route=\/wp\/v2\/types\/page"}],"author":[{"embeddable":true,"href":"https:\/\/aitr.pl\/index.php?rest_route=\/wp\/v2\/users\/1"}],"replies":[{"embeddable":true,"href":"https:\/\/aitr.pl\/index.php?rest_route=%2Fwp%2Fv2%2Fcomments&post=26"}],"version-history":[{"count":218,"href":"https:\/\/aitr.pl\/index.php?rest_route=\/wp\/v2\/pages\/26\/revisions"}],"predecessor-version":[{"id":337,"href":"https:\/\/aitr.pl\/index.php?rest_route=\/wp\/v2\/pages\/26\/revisions\/337"}],"wp:attachment":[{"href":"https:\/\/aitr.pl\/index.php?rest_route=%2Fwp%2Fv2%2Fmedia&parent=26"}],"curies":[{"name":"wp","href":"https:\/\/api.w.org\/{rel}","templated":true}]}}