{"id":119,"date":"2026-03-30T15:10:18","date_gmt":"2026-03-30T13:10:18","guid":{"rendered":"https:\/\/aitr.pl\/?page_id=119"},"modified":"2026-03-30T16:13:11","modified_gmt":"2026-03-30T14:13:11","slug":"polityka-prywatnosci","status":"publish","type":"page","link":"https:\/\/aitr.pl\/?page_id=119","title":{"rendered":"Polityka prywatno\u015bci"},"content":{"rendered":"\t\t<div data-elementor-type=\"wp-page\" data-elementor-id=\"119\" class=\"elementor elementor-119\">\n\t\t\t\t<div class=\"elementor-element elementor-element-d2d913d e-flex e-con-boxed e-con e-parent\" data-id=\"d2d913d\" data-element_type=\"container\" data-e-type=\"container\">\n\t\t\t\t\t<div class=\"e-con-inner\">\n\t\t\t\t<div class=\"elementor-element elementor-element-61e34c7 elementor-widget elementor-widget-text-editor\" data-id=\"61e34c7\" data-element_type=\"widget\" data-e-type=\"widget\" data-widget_type=\"text-editor.default\">\n\t\t\t\t\t\t\t\t\t<p data-start=\"122\" data-end=\"145\"><strong>AITR Adrian Adamson<\/strong><\/p><hr data-start=\"147\" data-end=\"150\" \/><h2 data-section-id=\"1ib26ep\" data-start=\"152\" data-end=\"180\"><strong>\u00a71 Administrator danych<\/strong><\/h2><p data-start=\"181\" data-end=\"310\"><strong>Administratorem danych osobowych jest:<\/strong><br data-start=\"219\" data-end=\"222\" \/><strong>AITR Adrian Adamson<\/strong><br data-start=\"245\" data-end=\"248\" \/><strong>Oksz\u00f3w, ul. Che\u0142mska 57<\/strong><br data-start=\"271\" data-end=\"274\" \/><strong>NIP: 5632395136<\/strong><br data-start=\"289\" data-end=\"292\" \/><strong>REGON: 529926848<\/strong><\/p><hr data-start=\"312\" data-end=\"315\" \/><h2 data-section-id=\"9ym0au\" data-start=\"317\" data-end=\"349\"><strong>\u00a72 Zakres zbieranych danych<\/strong><\/h2><p data-start=\"350\" data-end=\"380\"><strong>Przetwarzamy dane takie jak:<\/strong><\/p><ul data-start=\"381\" data-end=\"496\"><li data-section-id=\"z4msdc\" data-start=\"381\" data-end=\"415\"><strong>imi\u0119 i nazwisko \/ nazwa firmy,<\/strong><\/li><li data-section-id=\"jcdln3\" data-start=\"416\" data-end=\"435\"><strong>numer telefonu,<\/strong><\/li><li data-section-id=\"dnp6ck\" data-start=\"436\" data-end=\"453\"><strong>adres e-mail,<\/strong><\/li><li data-section-id=\"1oir8ei\" data-start=\"454\" data-end=\"475\"><strong>adres do wysy\u0142ki,<\/strong><\/li><li data-section-id=\"1endpxp\" data-start=\"476\" data-end=\"496\"><strong>dane urz\u0105dzenia.<\/strong><\/li><\/ul><hr data-start=\"498\" data-end=\"501\" \/><h2 data-section-id=\"123qo23\" data-start=\"503\" data-end=\"528\"><strong>\u00a73 Cel przetwarzania<\/strong><\/h2><p data-start=\"529\" data-end=\"559\"><strong>Dane przetwarzane s\u0105 w celu:<\/strong><\/p><ul data-start=\"560\" data-end=\"657\"><li data-section-id=\"1pv8yl5\" data-start=\"560\" data-end=\"593\"><strong>realizacji us\u0142ug serwisowych,<\/strong><\/li><li data-section-id=\"37w1gy\" data-start=\"594\" data-end=\"618\"><strong>kontaktu z klientem,<\/strong><\/li><li data-section-id=\"31y8l\" data-start=\"619\" data-end=\"657\"><strong>wystawienia dokument\u00f3w ksi\u0119gowych.<\/strong><\/li><\/ul><hr data-start=\"659\" data-end=\"662\" \/><h2 data-section-id=\"16ot8ee\" data-start=\"664\" data-end=\"687\"><strong>\u00a74 Podstawa prawna<\/strong><\/h2><p data-start=\"688\" data-end=\"721\"><strong>Dane przetwarzane s\u0105 zgodnie z:<\/strong><\/p><ul data-start=\"722\" data-end=\"822\"><li data-section-id=\"k4je77\" data-start=\"722\" data-end=\"772\"><strong>art. 6 ust. 1 lit. b RODO (realizacja us\u0142ugi),<\/strong><\/li><li data-section-id=\"13x4yrl\" data-start=\"773\" data-end=\"822\"><strong>art. 6 ust. 1 lit. c RODO (obowi\u0105zki prawne).<\/strong><\/li><\/ul><hr data-start=\"824\" data-end=\"827\" \/><h2 data-section-id=\"7t591p\" data-start=\"829\" data-end=\"858\"><strong>\u00a75 Przechowywanie danych<\/strong><\/h2><p data-start=\"859\" data-end=\"883\"><strong>Dane przechowywane s\u0105:<\/strong><\/p><ul data-start=\"884\" data-end=\"959\"><li data-section-id=\"1o8kw3j\" data-start=\"884\" data-end=\"917\"><strong>przez czas realizacji us\u0142ugi,<\/strong><\/li><li data-section-id=\"9p5e5w\" data-start=\"918\" data-end=\"959\"><strong>oraz okres wymagany przepisami prawa.<\/strong><\/li><\/ul><hr data-start=\"961\" data-end=\"964\" \/><h2 data-section-id=\"1sa34ij\" data-start=\"966\" data-end=\"991\"><strong>\u00a76 Prawa u\u017cytkownika<\/strong><\/h2><p data-start=\"992\" data-end=\"1023\"><strong>Ka\u017cdy u\u017cytkownik ma prawo do:<\/strong><\/p><ul data-start=\"1024\" data-end=\"1124\"><li data-section-id=\"17hk1eu\" data-start=\"1024\" data-end=\"1046\"><strong>dost\u0119pu do danych,<\/strong><\/li><li data-section-id=\"qtflr0\" data-start=\"1047\" data-end=\"1070\"><strong>poprawienia danych,<\/strong><\/li><li data-section-id=\"1cjkbmj\" data-start=\"1071\" data-end=\"1092\"><strong>usuni\u0119cia danych,<\/strong><\/li><li data-section-id=\"1a6luhc\" data-start=\"1093\" data-end=\"1124\"><strong>ograniczenia przetwarzania.<\/strong><\/li><\/ul><hr data-start=\"1126\" data-end=\"1129\" \/><h2 data-section-id=\"1aw2c54\" data-start=\"1131\" data-end=\"1159\"><strong>\u00a77 Udost\u0119pnianie danych<\/strong><\/h2><p data-start=\"1160\" data-end=\"1189\"><strong>Dane mog\u0105 by\u0107 przekazywane:<\/strong><\/p><ul data-start=\"1190\" data-end=\"1234\"><li data-section-id=\"1ryhfko\" data-start=\"1190\" data-end=\"1212\"><strong>firmom kurierskim,<\/strong><\/li><li data-section-id=\"1lj1tpx\" data-start=\"1213\" data-end=\"1234\"><strong>biurze ksi\u0119gowemu.<\/strong><\/li><\/ul><hr data-start=\"1236\" data-end=\"1239\" \/><h2 data-section-id=\"88rs1m\" data-start=\"1241\" data-end=\"1262\"><strong>\u00a78 Pliki cookies<\/strong><\/h2><ol data-start=\"1263\" data-end=\"1672\"><li data-section-id=\"13toei\" data-start=\"1263\" data-end=\"1334\"><strong>Strona internetowa wykorzystuje pliki cookies (tzw. \u201eciasteczka\u201d).<\/strong><\/li><li data-section-id=\"1hiovf3\" data-start=\"1335\" data-end=\"1414\"><strong>Cookies to niewielkie pliki tekstowe zapisywane na urz\u0105dzeniu u\u017cytkownika.<\/strong><\/li><li data-section-id=\"6ye3pp\" data-start=\"1415\" data-end=\"1585\"><strong>Wykorzystywane s\u0105 w celu:<\/strong><br \/><ul data-start=\"1449\" data-end=\"1585\"><li data-section-id=\"1vsn5bd\" data-start=\"1449\" data-end=\"1495\"><strong>zapewnienia prawid\u0142owego dzia\u0142ania strony,<\/strong><\/li><li data-section-id=\"zv6eis\" data-start=\"1499\" data-end=\"1545\"><strong>analizy ruchu na stronie (np. statystyki),<\/strong><\/li><li data-section-id=\"1przsy3\" data-start=\"1549\" data-end=\"1585\"><strong>poprawy funkcjonalno\u015bci serwisu.<\/strong><\/li><\/ul><\/li><li data-section-id=\"adj72q\" data-start=\"1586\" data-end=\"1672\"><strong>U\u017cytkownik mo\u017ce w ka\u017cdej chwili zmieni\u0107 ustawienia cookies w swojej przegl\u0105darce.<\/strong><\/li><\/ol><hr data-start=\"1674\" data-end=\"1677\" \/><h2 data-section-id=\"l0r99c\" data-start=\"1679\" data-end=\"1696\"><strong>\u00a79 reCAPTCHA<\/strong><\/h2><ol data-start=\"1697\" data-end=\"2059\"><li data-section-id=\"of8mvx\" data-start=\"1697\" data-end=\"1795\"><strong>Strona korzysta z zabezpieczenia Google reCAPTCHA w celu ochrony formularzy przed spamem.<\/strong><\/li><li data-section-id=\"3lrjyb\" data-start=\"1796\" data-end=\"1885\"><strong>reCAPTCHA analizuje zachowanie u\u017cytkownika w celu weryfikacji, czy jest cz\u0142owiekiem.<\/strong><\/li><li data-section-id=\"1wr4jka\" data-start=\"1886\" data-end=\"2007\"><strong>W zwi\u0105zku z tym mog\u0105 by\u0107 przetwarzane dane takie jak: adres IP, dane przegl\u0105darki oraz spos\u00f3b korzystania ze strony.<\/strong><\/li><li data-section-id=\"j1mh1y\" data-start=\"2008\" data-end=\"2059\"><strong>Us\u0142uga ta podlega polityce prywatno\u015bci Google.<\/strong><\/li><\/ol><hr data-start=\"2061\" data-end=\"2064\" \/><h2 data-section-id=\"1bmw57n\" data-start=\"2066\" data-end=\"2082\"><strong>\u00a710 Kontakt<\/strong><\/h2><p data-start=\"2083\" data-end=\"2175\"><strong>W sprawach danych osobowych:<\/strong><br data-start=\"2111\" data-end=\"2114\" \/><strong>\ud83d\udce7 kontakt poprzez formularz lub e-mail dost\u0119pny na stronie<\/strong><\/p>\t\t\t\t\t\t\t\t<\/div>\n\t\t\t\t\t<\/div>\n\t\t\t\t<\/div>\n\t\t\t\t<\/div>\n\t\t","protected":false},"excerpt":{"rendered":"<p>AITR Adrian Adamson \u00a71 Administrator danych Administratorem danych osobowych jest:AITR Adrian AdamsonOksz\u00f3w, ul. Che\u0142mska 57NIP: 5632395136REGON: 529926848 \u00a72 Zakres zbieranych danych Przetwarzamy dane takie jak: imi\u0119 i nazwisko \/ nazwa firmy, numer telefonu, adres e-mail, adres do wysy\u0142ki, dane urz\u0105dzenia. \u00a73 Cel przetwarzania Dane przetwarzane s\u0105 w celu: realizacji us\u0142ug serwisowych, kontaktu z klientem, wystawienia [&hellip;]<\/p>\n","protected":false},"author":1,"featured_media":0,"parent":0,"menu_order":0,"comment_status":"closed","ping_status":"closed","template":"","meta":{"footnotes":""},"class_list":["post-119","page","type-page","status-publish","hentry"],"_links":{"self":[{"href":"https:\/\/aitr.pl\/index.php?rest_route=\/wp\/v2\/pages\/119","targetHints":{"allow":["GET"]}}],"collection":[{"href":"https:\/\/aitr.pl\/index.php?rest_route=\/wp\/v2\/pages"}],"about":[{"href":"https:\/\/aitr.pl\/index.php?rest_route=\/wp\/v2\/types\/page"}],"author":[{"embeddable":true,"href":"https:\/\/aitr.pl\/index.php?rest_route=\/wp\/v2\/users\/1"}],"replies":[{"embeddable":true,"href":"https:\/\/aitr.pl\/index.php?rest_route=%2Fwp%2Fv2%2Fcomments&post=119"}],"version-history":[{"count":13,"href":"https:\/\/aitr.pl\/index.php?rest_route=\/wp\/v2\/pages\/119\/revisions"}],"predecessor-version":[{"id":172,"href":"https:\/\/aitr.pl\/index.php?rest_route=\/wp\/v2\/pages\/119\/revisions\/172"}],"wp:attachment":[{"href":"https:\/\/aitr.pl\/index.php?rest_route=%2Fwp%2Fv2%2Fmedia&parent=119"}],"curies":[{"name":"wp","href":"https:\/\/api.w.org\/{rel}","templated":true}]}}